73187?
8
What is the thousands digit of 1007122?
7
What is the tens digit of 524635?
3
What is the millions digit of 1405673?
1
What is the hundreds digit of 63064?
0
What is the hundred thousands digit of 19082316?
0
What is the thousands digit of 1365916?
5
What is the hundreds digit of 156378?
3
What is the units digit of 136118?
8
What is the hundred thousands digit of 1761549?
7
What is the tens digit of 7183376?
7
What is the ten thousands digit of 577591?
7
What is the millions digit of 8911488?
8
What is the tens digit of 225673?
7
What is the hundred thousands digit of 20591816?
5
What is the hundred thousands digit of 17405792?
4
What is the millions digit of 5066110?
5
What is the thousands digit of 871925?
1
What is the hundred thousands digit of 4486260?
4
What is the tens digit of 1300775?
7
What is the hundred thousands digit of 6607536?
6
What is the thousands digit of 128544?
8
What is the thousands digit of 11373594?
3
What is the ten thousands digit of 398927?
9
What is the hundred thousands digit of 372889?
3
What is the hundreds digit of 1844485?
4
What is the hundred thousands digit of 416018?
4
What is the ten thousands digit of 205951?
0
What is the millions digit of 4775714?
4
What is the hundreds digit of 2144880?
8
What is the ten thousands digit of 242925?
4
What is the tens digit of 197662?
6
What is the thousands digit of 41048?
1
What is the tens digit of 7909290?
9
What is the tens digit of 466364?
6
What is the millions digit of 17490483?
7
What is the units digit of 50447?
7
What is the hundreds digit of 5906061?
0
What is the units digit of 710873?
3
What is the hundreds digit of 5288005?
0
What is the ten thousands digit of 292667?
9
What is the hundred thousands digit of 22825806?
8
What is the thousands digit of 5999144?
9
What is the thousands digit of 1444631?
4
What is the hundred thousands digit of 281755?
2
What is the units digit of 6207638?
8
What is the hundred thousands digit of 6123144?
1
What is the hundreds digit of 78570?
5
What is the hundred thousands digit of 771757?
7
What is the tens digit of 1831923?
2
What is the units digit of 1641829?
9
What is the units digit of 125500?
0
What is the ten thousands digit of 282218?
8
What is the ten millions digit of 11698934?
1
What is the units digit of 9790078?
8
What is the hundreds digit of 181696?
6
What is the thousands digit of 33562005?
2
What is the millions digit of 2828393?
2
What is the ten thousands digit of 2932743?
3
What is the ten thousands digit of 335391?
3
What is the hundred thousands digit of 183094?
1
What is the tens digit of 260916?
1
What is the ten millions digit of 33066943?
3
What is the thousands digit of 1544246?
4
What is the ten millions digit of 33398447?
3
What is the hundreds digit of 191678?
6
What is the millions digit of 8124658?
8
What is the ten thousands digit of 24694?
2
What is the hundred thousands digit of 958123?
9
What is the ten thousands digit of 377897?
7
What is the ten thousands digit of 26885332?
8
What is the units digit of 712385?
5
What is the millions digit of 15165420?
5
What is the thousands digit of 81520?
1
What is the tens digit of 6324340?
4
What is the thousands digit of 23192949?
2
What is the thousands digit of 340409?
0
What is the hundred thousands digit of 451844?
4
What is the units digit of 234079?
9
What is the tens digit of 63473?
7
What is the hundreds digit of 1147856?
8
What is the tens digit of 807659?
5
What is the millions digit of 2813236?
2
What is the tens digit of 6735535?
3
What is the units digit of 14292?
2
What is the hundreds digit of 32431?
4
What is the ten thousands digit of 14006966?
0
What is the hundreds digit of 485039?
0
What is the thousands digit of 3254352?
4
What is the tens digit of 361038?
3
What is the millions digit of 1370692?
1
What is the ten thousands digit of 3381528?
8
What is the thousands digit of 10722741?
2
What is the hundreds digit of 406053?
0
What is the units digit of 152560?
0
What is the hundred thousands digit of 417120?
4
What is the tens digit of 291185?
8
What is the units digit of 19328667?
7
What is the units digit of 17306902?
2
What is the hundreds digit of 3142398?
3
What is the thousands digit of 15579?
5
What is the units digit of 113230?
0
What is the tens digit of 39995?
9
What is the millions digit of 2202030?
2
What is the tens digit of 114999?
9
What is the hundred thousands digit of 6469689?
4
What is the ten thousands digit of 421886?
2
What is the hundred thousands digit of 8346190?
3
What is the ten thousands digit of 1425626?
2
What is the units digit of 1902?
2
What is the ten thousands digit of 452129?
5
What is the tens digit of 1449138?
3
What is the tens digit of 239360?
6
What is the millions digit of 3549077?
3
What is the tens digit of 68130?
3
What is the hundreds digit of 1412020?
0
What is the tens digit of 79729?
2
What is the hundred thousands digit of 1389092?
3
What is the tens digit of 445218?
1
What is the tens digit of 17798709?
0
What is the hundred thousands digit of 5147593?
1
What is the ten thousands digit of 1253758?
5
What is the thousands digit of 338341?
8
What is the thousands digit of 265286?
5
What is the ten thousands digit of 321130?
2
What is the tens digit of 1794839?
3
What is the hundreds digit of 257112?
1
What is the hundred thousands digit of 804441?
8
What is the tens digit of 3348972?
7
What is the hundred thousands digit of 104792?
1
What is the tens digit of 1339188?
8
What is the thousands digit of 93484?
3
What is the hundred thousands digit of 248621?
2
What is the hundred thousands digit of 309175?
3
What is the units digit of 281934?
4
What is the thousands digit of 2241100?
1
What is the hundred thousands digit of 196983?
1
What is the tens digit of 556752?
5
What is the hundred thousands digit of 2174910?
1
What is the units digit of 1815225?
5
What is the units digit of 67129?
9
What is the ten thousands digit of 690881?
9
What is the hundred thousands digit of 467664?
4
What is the millions digit of 19581315?
9
What is the tens digit of 60837?
3
What is the hundred thousands digit of 3530387?
5
What is the millions digit of 1573089?
1
What is the units digit of 1090288?
8
What is the ten thousands digit of 13023193?
2
What is the hundred thousands digit of 4784663?
7
What is the ten thousands digit of 896496?
9
What is the ten thousands digit of 898904?
9
What is the millions digit of 15631367?
5
What is the hundred thousands digit of 12615628?
6
What is the units digit of 4837430?
0
What is the units digit of 85607?
7
What is the thousands digit of 2492095?
2
What is the tens digit of 24364595?
9
What is the tens digit of 2298215?
1
What is the tens digit of 80485?
8
What is the ten millions digit of 21729682?
2
What is the hundred thousands digit of 2525076?
5
What is the units digit of 20554201?
1
What is the hundreds digit of 115013?
0
What is the thousands digit of 8004564?
4
What is the millions digit of 16573255?
6
What is the hundreds digit of 872306?
3
What is the units digit of 184037?
7
What is the ten thousands digit of 48205?
4
What is the ten thousands digit of 7775057?
7
What is the tens digit of 20832110?
1
What is the ten thousands digit of 4383889?
8
What is the tens digit of 201749?
4
What is the tens digit of 212336?
3
What is the tens digit of 6030573?
7
What is the hundreds digit of 76544?
5
What is the units digit of 1308107?
7
What is the millions digit of 5411711?
5
What is the ten millions digit of 13484424?
1
What is the thousands digit of 171574?
1
What is the millions digit of 1026707?
1
What is the hundreds digit of 1046509?
5
What is the ten thousands digit of 284364?
8
What is the units digit of 183362?
2
What is the tens digit of 9682676?
7
What is the millions digit of 9935070?
9
What is the millions digit of 5046415?
5
What is the hundreds digit of 1522332?
3
What is the units digit of 1302779?
9
What is the units digit of 11452578?
8
What is the ten thousands digit of 7200983?
0
What is the tens digit of 2622163?
6
What is the ten thousands digit of 293162?
9
What is the hundred thousands digit of 10934623?
9
What is the thousands digit of 323729?
3
What is the ten thousands digit of 1675907?
7
What is the units digit 